/8)/(-3))/((-6)/r). Suppose s*t - 3*t = 470. Is t prime?
False
Let y(a) = 29902*a - 21. Let s be y(5). Suppose -43191 = -8*m + s. Is m composite?
True
Let d be (-2 + (-12)/(-8))*-12. Suppose -d*s + 55363 = 745. Is s a prime number?
True
Let s = 150 + 157. Let p = -97 + s. Suppose -45 = 5*g - p. Is g prime?
False
Suppose 9*v + 41*v + 38*v = 2069320. Is v a prime number?
False
Suppose 0 = 8*j - 592 - 8. Is 5/(j/60096) + (-6)/(-10) a prime number?
True
Let q = 31 - 15. Let n be (q - 2) + -1*1. Let k(p) = 8*p + 23. Is k(n) prime?
True
Is ((-14)/(-6))/((-1855)/(-66631335)) a prime number?
True
Let x = 27 - 24. Suppose -x*m - m = -m. Suppose 2*w - 205 - 2097 = m. Is w composite?
False
Suppose 0 = -3*z + 3*t + 612, -2*z + 388 = t + 2*t. Let f = z - 133. Let m = f + 12. Is m a composite number?
False
Let h(r) = 7964*r - 801. Is h(41) composite?
False
Suppose -4*r = -4*v + 214240, 177403 = 5*v - 4*r - 90394. Suppose 12*w + 4249 = v. Is w prime?
False
Let c = -9 - -18. Suppose 0 = -c*f + 13931 - 2096. Is f composite?
True
Let t be 2*(-5 + 7)*1 + -1. Is (-22793)/(-6) + t/18 a composite number?
True
Suppose -y - 6260 = -3*y. Let h = y + -1587. Is h a prime number?
True
Let s be (-2)/(-9) - 184/18. Let n be (4/(-5))/(5 - (-52)/s). Is ((-2)/n + -2)/((-3)/426) a composite number?
True
Let m(y) = 64*y + 561. Is m(17) composite?
True
Let t be ((140/(-21))/10)/(10/(-47745)). Let a = t + -962. Is a a prime number?
True
Suppose 33*u - 377*u = -56*u - 62486496. Is u a composite number?
False
Is -7 + (-68)/((-8)/(-158376)*-6) a prime number?
True
Let t = -443009 + 1857190. Is t a prime number?
True
Suppose 4*i + 5*a - 50 = 0, -2*i + i = 3*a - 16. Suppose -53*h = -67*h + 700. Suppose -h = -2*c - 4*y, -3*y + y + i = 0. Is c a composite number?
True
Suppose -203303 - 479344 = -21*r. Suppose 2*y - r = -12705. Is y a prime number?
True
Let c(o) = o**3 + 2*o**2 + 7*o + 1399. Let g be c(0). Suppose x + g = 4562. Is x composite?
False
Is (46688235/10)/(-33)*-2 composite?
False
Let c(s) = -s**3 - 7*s**2 - 8*s - 12. Let d be c(-6). Suppose 13*r - 17*r + 6604 = d. Is r prime?
False
Suppose 0 = -z + 144 - 142. Is z/(-6 - (-678860)/113141) composite?
True
Let k(z) = 2097*z**3 + 2*z**2 + z - 1. Let o be 2/5 - -12*12/90. Let v be ((-17)/(-34))/(o/4). Is k(v) composite?
False
Suppose 0 = 3*m - 2*k - 240262 + 73993, 3*k + 277115 = 5*m. Is m a prime number?
False
Suppose -24*t + 2238041 = 400625. Is t prime?
False
Let t be 0/(4 - 9/3). Let p be (-1 - (0 + 0))*t/(-2). Suppose 4*m + m - 265 = p. Is m a prime number?
True
Let q = -267 - -265. Let c(f) = -2538*f + 1. Let a(r) = 2539*r - 2. Let i(z) = -4*a(z) - 3*c(z). Is i(q) a composite number?
True
Let a be ((-4)/8)/(-2*2/24). Suppose 61 = -a*z - 5. Is 4/z - 61445/(-55) composite?
False
Suppose 3*b - 8 = b. Suppose b*h = -0*h + 716. Let p = h - -6. Is p composite?
True
Let s be 140215*6/(-10)*4/(-6). Is (s/203)/((-2)/(-14)) a prime number?
False
Suppose -a = 4*g + 5 - 1, 2*a - 5*g = 18. Suppose 3879 = f - a*n, 0 = f - 2*f - 3*n + 3914. Is f a composite number?
True
Let i(t) = -t**2 + 11*t - 29. Let w be i(7). Let r be ((-22)/(-6) + w)*15/10. Suppose -2*p + 0 - 2 = 0, r*p - 911 = -5*h. Is h composite?
True
Suppose -2*l - 11 = 6*p - 3*p, 2*p + 6 = -2*l. Is (l + 0)/(((-6)/(-3902))/3) composite?
True
Let s(r) = -3*r + 154. Let w(m) = -7*m + 307. Let h(d) = d + 1. Let p(g) = -2*h(g) - w(g). Let n(b) = -4*p(b) - 7*s(b). Is n(0) a prime number?
False
Is 14*(-8)/(-280)*772325/5 a prime number?
False
Suppose 133 = 3*a - 5*d - 168482, 4*d - 24 = 0. Is a a prime number?
False
Let x = -475 + 42. Let g = 964 - x. Is g prime?
False
Suppose 2*s + 1517 = -5*a, -s - 653 - 95 = -a. Let f be -1751 - -1*12/(-4). Let q = s - f. Is q prime?
False
Suppose -k - 106*t + 16 = -103*t, 0 = 5*k - 5*t. Suppose 3*p = -3*x + 28725, 5*p - k*x + 47871 = 10*p. Is p a prime number?
False
Let b(r) = -4027*r + 277. Is b(-10) composite?
True
Let y = -1984 + 5342. Let o = y - 1619. Is o prime?
False
Suppose -28*h - 28*h = -48*h - 392456. Is h composite?
False
Suppose 0 = -5*u - 85 + 5460. Let o = -262 + 267. Suppose g - 5*i = -2*g + u, -o*i = g - 385. Is g a prime number?
False
Let v = -3123 + 5213. Let a = 9645 + v. Is a composite?
True
Let f(i) = -12*i - 13 - 2 + i. Suppose 0 = -36*j - 50 - 166. Is f(j) prime?
False
Let g = -40566 + 74045. Is g a composite number?
False
Let t(l) = -l**2 - 17*l - 37. Let o be t(-15). Let a be 3908*(195/364 + 2/o). Let d = a - 442. Is d composite?
True
Suppose -140 = 2*o - 1990. Let q(n) = -n**3 + 2*n**2 + 2*n + 7. Let w be q(0). Suppose 0 = -w*a + 4*a + 4*v + 553, 5*v + o = 5*a. Is a prime?
False
Suppose -p = -4*p + 30 - 18, -5*z + 5*p = 0. Let y(k) = 98*k**3 - k**2 - 2*k - 1. Let m be y(2). Suppose -b + m = -z*i, -3*i = b - 8*i - 776. Is b composite?
True
Suppose 5*j - 30 = 3*d, 0*j - 3*d = 3*j - 42. Let w be 0 + (j - 1 - 4). Suppose -w*x - 245 = -2841. Is x composite?
True
Is (-4*(-511722)/48)/((-24)/(-112)) composite?
True
Let g(w) be the first derivative of 5*w**3/3 - 17*w**2 - 13*w - 13. Suppose -48 = -5*u + 32. Is g(u) prime?
False
Suppose 11*b - 258 + 6528 = 0. Is ((-6284)/(-6))/((-76)/b) a composite number?
True
Let a(m) = 5808*m**2 - 2*m + 3. Is a(-1) prime?
True
Let z(p) = -3*p - 21. Let n be z(-7). Let i(v) = v**3 - v**2 + v + 8. Let q be i(n). Suppose -q*m = -17230 - 16234. Is m composite?
True
Let m(b) = -b**2 - 8*b - 10. Let r be m(-5). Suppose 0*y - 14 = -2*q - 5*y, -r*q = 3*y - 35. Suppose -3*s - 3508 = -q*s. Is s prime?
True
Let n(v) = 19*v + 23. Let l(p) = 61*p + 68. Let m(g) = 152*g + 170. Let a(z) = -12*l(z) + 5*m(z). Let w(s) = -5*a(s) + 7*n(s). Is w(-4) a composite number?
False
Let a(y) = y - 7. Let h be a(15). Suppose -h*d = 4*d - 12468. Is d prime?
True
Let o(p) = -406*p**3 - p**2 + 2*p + 2. Let v(x) = -1626*x**3 - 4*x**2 + 9*x + 8. Let m(h) = 9*o(h) - 2*v(h). Is m(-3) a composite number?
False
Let n(k) = -15*k**3 - k**2 + 2*k + 7. Let h(r) = -r**3 + 12*r**2 - 11*r - 3. Suppose -9*l + 59 + 40 = 0. Let i be h(l). Is n(i) composite?
False
Suppose -5*n = -n - 12. Let o be 215/4 - n/(-12). Let z = o + 103. Is z composite?
False
Is ((-715028)/18)/(2 - 38/9 - -2) prime?
True
Let z = 59145 + -29356. Is z composite?
False
Let x = 80369 + 238248. Is x a composite number?
True
Suppose 6 = -5*z - 14. Let t = z - -3. Is (-1294)/(t/(-5)*(-2)/1) composite?
True
Let k = 85913 + -44232. Is k a composite number?
False
Let t = -672182 + 1024673. Is t a composite number?
True
Let c = 5906 + -1924. Suppose -3*h + 3*p + 2387 = -p, -5*h + c = -3*p. Is h composite?
False
Suppose 4*m = 3*a + m, -2*a - 15 = -5*m. Suppose -a*v = -22190 - 39285. Suppose 0 = -d + 6*d - v. Is d prime?
True
Let z(x) = -3*x**3 - 18*x**2 - 16*x - 5. Let d be -7 - (0/(-1) - 0). Is z(d) a prime number?
False
Let w be (3 + (-10)/3)/(2/12). Let y be (-234)/(-2)*(7 - w). Suppose 2757 = 6*g - y. Is g a prime number?
False
Let r(f) = 3197*f + 3377. Is r(16) a prime number?
False
Let c be ((-58980)/14)/((-11)/(74 - -3)). Suppose 0 = 6*i + 9*i - c. Is i a composite number?
True
Let u be (-14)/3*(-720)/105. Is ((-63)/56)/9 - (-355172)/u prime?
False
Suppose -12*g + 1734 = -30. Let k = g + -86. Suppose -k + 132 = n. Is n a composite number?
False
Let z(c) = -2280*c + 181. Is z(-2) prime?
False
Let o(h) = -4*h - 8. Let g be o(-3). Suppose -4*b + g*c = -21364, 0 = -c + 1 - 0. Is b prime?
False
Suppose 3*z + 0*z = 4*m - 5305, -4*z + 5*m - 7072 = 0. Let g = -1132 - z. Is g a composite number?
False
Let o = -230 + 1029. Let y = -110 + o. Suppose -3*w - 4*z + 649 = z, 3*w - 5*z - y = 0. Is w a composite number?
False
Suppose 30*c = -3*c + 66. Suppose -1264 = -c*r + 550. Is r composite?
False
Is (-160)/16 - (-2147256)/((-8)/(-1)) a prime number?
False
Suppose x - 325585 = -2*k, 6*k = 3*x + 2*k - 976725. Is x prime?
False
Let y be 28 - 30 - (-3878)/2. Let c = -850 + y. Is c a composite number?
False
Let q(b) = -b**2 - 70*b + 2898. Is q(-85) a prime number?
False
Let q be 1819 + 4 + (-15)/(-3). Suppose 7*t = q + 3751. Is t a prime number?
True
Suppose -d + 657 = -4*d. Let c = -22 - d. Let h = -36 + c. Is h a prime number?
False
Suppose 8*d - 4*d + 44 = -4*g, 3*d = 3*g - 27. Let n(q) = -468*q - 209. Is n(d) prime?
False
Let s = 57 + -46. Suppose -4548 = -17*p + s*p. Suppose -20*